?
True
Is 104459114077 a composite number?
False
Is 3272267731 composite?
False
Is 30741851759 a composite number?
True
Is 2624160493 a composite number?
True
Is 12468244651 composite?
False
Is 426302101 a prime number?
True
Is 443609707 a prime number?
False
Is 10975743817 a composite number?
True
Is 14844617 a composite number?
False
Is 5269366433 composite?
True
Is 373560067 a prime number?
True
Is 3888603107 composite?
False
Is 4418130039 prime?
False
Is 8579731 composite?
False
Is 3527800819 a prime number?
False
Is 57241607041 a prime number?
True
Is 6802744133 prime?
True
Is 5564932171 composite?
True
Is 21319693453 a prime number?
False
Is 1111441753 a composite number?
False
Is 2484741923 prime?
False
Is 250267289 a composite number?
False
Is 940615471 composite?
True
Is 7052057303 prime?
True
Is 17343087241 prime?
True
Is 6076190429 composite?
False
Is 172923335623 a prime number?
False
Is 2098264877 a composite number?
False
Is 492026803 a prime number?
False
Is 63045597833 a prime number?
False
Is 5035267219 a composite number?
False
Is 5288858669 a prime number?
True
Is 13206737993 a prime number?
True
Is 71266791967 composite?
True
Is 1350736945 a composite number?
True
Is 9288486447 a composite number?
True
Is 299015881 prime?
False
Is 90796096421 composite?
False
Is 368883367 composite?
False
Is 222054509 prime?
True
Is 3685368977 prime?
True
Is 1710475621 a composite number?
True
Is 389609579 a composite number?
False
Is 764515903 prime?
True
Is 9325822417 prime?
True
Is 2792531471 composite?
False
Is 508129 a prime number?
True
Is 764394181 prime?
True
Is 185018623 a prime number?
True
Is 122157712943 prime?
False
Is 21618715273 prime?
False
Is 41255565739 composite?
False
Is 24402851311 a composite number?
False
Is 1543389031 prime?
True
Is 8675504401 composite?
False
Is 43369112305 a composite number?
True
Is 442787783 prime?
False
Is 2518942303 prime?
True
Is 63513702269 composite?
False
Is 3080694493 prime?
False
Is 4120264433 a composite number?
False
Is 3351902551 composite?
False
Is 30812732053 a prime number?
True
Is 239346169 prime?
True
Is 3063797209 composite?
True
Is 18372958529 composite?
False
Is 3746647229 a composite number?
True
Is 303326266 composite?
True
Is 1536414791 a composite number?
False
Is 133804427 prime?
False
Is 271175263 composite?
False
Is 12099046381 a prime number?
False
Is 331617607 composite?
False
Is 122343499 a composite number?
True
Is 3001672801 a composite number?
True
Is 14186252533 a composite number?
False
Is 11932662037 a composite number?
True
Is 549995993 a composite number?
False
Is 1197163585 a prime number?
False
Is 211368593 composite?
False
Is 6812588593 prime?
False
Is 68556883699 a prime number?
True
Is 1009443997 a composite number?
False
Is 1326372847 prime?
False
Is 19123859021 prime?
False
Is 487621079 composite?
True
Is 1115337229 a composite number?
True
Is 117698244361 composite?
True
Is 63295532227 a composite number?
False
Is 172875011 a prime number?
False
Is 762356431 composite?
True
Is 5731740853 a composite number?
False
Is 5459132491 a composite number?
True
Is 65387287347 a composite number?
True
Is 119198783 prime?
False
Is 31312360553 prime?
False
Is 14033197271 a prime number?
False
Is 1510801901 a prime number?
False
Is 11284900043 a prime number?
False
Is 164072743 prime?
True
Is 808624991 prime?
True
Is 15684726791 prime?
True
Is 2821022027 a prime number?
False
Is 21728864845 composite?
True
Is 3385369093 a composite number?
True
Is 1559150995 prime?
False
Is 1176583822 composite?
True
Is 16200493237 prime?
False
Is 5677987733 a prime number?
False
Is 997878289 a prime number?
True
Is 592985621 prime?
False
Is 1257694679 composite?
False
Is 2297478331 composite?
False
Is 85889286355 a prime number?
False
Is 51746951 a composite number?
False
Is 8216880253 a composite number?
False
Is 457592201 a prime number?
False
Is 34168948001 a prime number?
False
Is 63013229777 composite?
False
Is 32372890937 a composite number?
True
Is 26270204113 a composite number?
False
Is 587291378 composite?
True
Is 335985912697 a composite number?
False
Is 571115513 a composite number?
False
Is 83530823 a prime number?
True
Is 1681937781 composite?
True
Is 3335036449 a composite number?
True
Is 1733457553 prime?
True
Is 1881206203 prime?
True
Is 8441391961 composite?
False
Is 1350083541 composite?
True
Is 17291989961 composite?
False
Is 37510691 prime?
False
Is 1337270111 composite?
True
Is 463975411 composite?
False
Is 1720432333 prime?
True
Is 26261546 a prime number?
False
Is 13537993879 prime?
False
Is 12459306169 composite?
False
Is 387800927 a composite number?
False
Is 11882648623 a prime number?
True
Is 145625269 prime?
False
Is 1254963379 composite?
True
Is 799101857 a prime number?
False
Is 150424877 prime?
True
Is 3823832393 composite?
True
Is 71623692941 composite?
False
Is 3873874987 a composite number?
False
Is 1108018757 a prime number?
True
Is 27954403249 a composite number?
False
Is 510322370101 prime?
True
Is 2057846543 composite?
True
Is 2087460377 a composite number?
False
Is 3512593829 a prime number?
True
Is 1534267633 prime?
False
Is 27119436259 prime?
False
Is 1054682435 prime?
False
Is 10368217889 composite?
False
Is 3469187983 prime?
True
Is 480182519 a composite number?
False
Is 27934147 prime?
True
Is 84263391257 composite?
False
Is 603141527 a prime number?
False
Is 10541787379 a prime number?
True
Is 30750127 composite?
True
Is 3190608661 prime?
True
Is 403055027 a composite number?
False
Is 304065323063 a composite number?
False
Is 42160510031 composite?
False
Is 1163829593 prime?
False
Is 2629731379 a composite number?
True
Is 36067784107 composite?
False
Is 6737709031 composite?
False
Is 2122354837 prime?
False
Is 149117083 a composite number?
True
Is 3489521683 composite?
True
Is 3165360137 a prime number?
False
Is 6228093401 prime?
False
Is 69287597 composite?
True
Is 23635061749 a composite number?
True
Is 42899431849 a prime number?
False
Is 101567682521 prime?
True
Is 80322911 a prime number?
False
Is 2693076649 a prime number?
False
Is 15358073 a composite number?
False
Is 246618641 prime?
True
Is 4160340059 a prime number?
True
Is 4163143583 composite?
True
Is 290374309 a composite number?
True
Is 54502752463 a prime number?
True
Is 11543261371 composite?
True
Is 3627893161 composite?
False
Is 1409261323 composite?
True
Is 2838699989 a composite number?
False
Is 32484464879 a composite number?
True
Is 1679276791 prime?
False
Is 60458623 a composite number?
True
Is 38624389 a prime number?
True
Is 63401353 composite?
True
Is 960443149 composite?
False
Is 3615771529 prime?
True
Is 7317654901 a composite number?
True
Is 6342694831 a prime number?
False
Is 3215689 composite?
True
Is 37322163091 a composite number?
False
Is 3655164259 prime?
True
Is 47848882339 prime?
False
Is 2515333217 prime?
False
Is 474644771 prime?
False
Is 38121604171 a composite number?
True
Is 21209739899 prime?
True
Is 64092367 a prime number?
True
Is 26658197765 a prime number?
False
Is 305016079 composite?
False
Is 18563285723 a composite number?
False
Is 4168535398 prime?
False
Is 13238698129 composite?
False
Is 112041739 prime?
True
Is 14719344997 prime?
False
Is 7769201933 prime?
True
Is 2819604329 a composite number?
True
Is 19481760973 a composite number?
True
Is 8002358678 a prime number?
False
Is 8290578971 a prime number?
False
Is 22116794801 a prime number?
True
Is 3529360043 a composite number?
True
Is 4080379753 composite?
False
Is 3085828591 prime?
False
Is 86899231151 a prime number?
False
Is 6277742701 composite?
False
Is 297377089 a prime number?
True
Is 896971547 prime?
False
Is 3242561843 a composite number?
False
Is 63567342199 prime?
True
Is 1159426549 prime?
False
Is 62834593 a composite number?
False
Is 90308917 composite?
True
Is 85515527 composite?
False
Is 48902745943 prime?
False
Is 101372022013 composite?
False
Is 2109267815 a prime number?
False
Is 1228582337 prime?
False
Is 283644749 a composite number?
True
Is 15844000771 a prime number?
True
Is 6820711909 a prime number?
False
Is 23590255009 a composite number?
True
Is 2628335327 a composite number?
True
Is 98534664409 composite?
True
Is 73329167 a composite number?
True
Is 31